 -3*c(b) + 4*j(b). Determine u(1).
-1
Let a be -1*(-2)/(-8)*(-96)/12. Let k(j) = -4*j**2 + j + 2. Calculate k(a).
-12
Let x(b) = 23*b - 1176. Let t be x(51). Let o(s) be the first derivative of s**4/4 + 4*s**3/3 - s**2/2 - 2*s + 6. Give o(t).
10
Let g(f) = 7*f**2 + 18*f - 59533737 + 59533732 - f**3 + 3*f**2. Give g(11).
72
Let v(p) be the second derivative of p**3/3 - 19*p**2 - 1473*p. What is v(13)?
-12
Let i(x) = x**3 - 9*x**2 + 460*x - 2643. Let l be i(6). Let r(j) be the first derivative of j**4/4 - 8*j**3/3 - 9*j**2/2 + 1. Give r(l).
0
Let r = 9052 - 9059. Let w(x) = 2*x**2 + 13*x - 4. Calculate w(r).
3
Let p(y) = 8*y - 44. Let t be p(6). Let d(r) = -3*r - 3 + 3*r - t*r + 8 - r. What is d(2)?
-5
Let c(x) = -x + 13. Let q(y) be the second derivative of -y**3/6 + y**2/2 + 275*y. Let k(f) = -c(f) + 2*q(f). Let j = 13 - 21. Give k(j).
-3
Let v(j) = j**3 + j**2 + 2*j + 4. Let b(w) = -w**2 + 154*w - 1706. Let d be b(12). What is v(d)?
-4
Let y(r) = -19*r**3 + r + 2. Suppose 0 = -4*w + 2*s - 16, 3*s - 85 = -3*w - 70. Calculate y(w).
20
Let p(s) = s**3 - 5*s**2 - 2*s + 8. Let g be 10/(-3*20/(-30)). Calculate p(g).
-2
Let q(p) = p**2 - 14*p - 22. Let h = -387 + 648. Suppose 25*g - 114 = h. What is q(g)?
-7
Let u = 1912 - 3821/2. Let n(c) be the first derivative of -1 + u*c**2 + 7*c. Determine n(-6).
-11
Let r(f) = -13*f + 137. Let h(g) = -g**2 + 10*g - 13. Let o be h(6). Let i be r(o). Let d(m) = 3*m - 1. What is d(i)?
-19
Let x(i) = i**2 - 5*i + 14. Let v be x(5). Suppose -v = -7*n + 35. Suppose -1 = t - n*s + 3*s, -t = -2*s - 1. Let y(k) = -k**2 + k + 1. Give y(t).
-5
Suppose -19*i + 24*i - 25 = 0. Suppose 7 + 4 = -2*d + v, -25 = -i*v. Let l be (-2 + 5)*(d + 3/(-9)). Let j(f) = f + 13. Calculate j(l).
3
Let a(m) be the first derivative of -m**4/4 + 6*m**3 + 43*m**2/2 - 49*m - 768. What is a(20)?
11
Let v(n) = 4*n**2 + 44*n - 52. Let k(r) = -9*r**2 - 107*r + 107. Let c(b) = -3*k(b) - 7*v(b). What is c(16)?
-5
Let b(l) = l**3 - 29*l**2 - 62*l + 11. Let r be b(31). Suppose -11*z + r + 33 = 0. Let f(d) = -2*d + 2. Calculate f(z).
-6
Let l(j) = -1156*j + 6 + 4*j**2 - j**2 - 2*j**2 + 1145*j. Suppose 0 = -d - y + 11, -5*y + 0*y = 3*d - 41. Calculate l(d).
-22
Let d(g) = 4*g**3 + 101*g**2 + 24*g - 19. Let v be d(-25). Let i(n) be the third derivative of n**6/120 - n**5/12 - n**4/4 + n**3/6 + 8*n**2. Give i(v).
1
Let j(m) = -m**2 - 3*m - 5. Suppose -26 = -i - 1. Suppose -3*b + u - 30 = -2*u, -3*u + i = -2*b. What is j(b)?
-15
Let m(n) = -46611268*n**3 + 46611266*n**3 - 56*n**2 - 37*n - 71 - 15*n**2. Calculate m(-35).
-1
Suppose 326*q = -634*q - 960. Let h(d) = 1 - d**2 + 2*d**2 + d**3 + d**2 + 2*d. Calculate h(q).
0
Let u(q) = 24*q + 55. Let j(y) = -11*y - 27. Let r be 8/20 - 64/10. Let a(c) = r*u(c) - 13*j(c). Determine a(9).
12
Let k = 9 + -21. Let y(n) = 2 + 1 + 23 + 2*n**2 - 10*n - n**2 - 2*n**2. Let a be y(k). Let x(d) = d**3 - 3*d**2 - 2*d + 1. Give x(a).
-7
Let a(z) be the third derivative of z**4/24 - 17*z**3/3 + z**2 - 6*z - 24. What is a(35)?
1
Let n(p) = p**3 - 4*p**2 - 5*p - 4. Let v be 4*(4*30/96 + 0). Give n(v).
-4
Let c(i) = -39. Let a(g) = -49*g + 54. Let k(q) = -a(q) + 6*c(q). Give k(6).
6
Let w(f) = -f**3 - 6*f**2 + 6*f - 9. Let v(y) = -13*y - 156. Let l be v(-12). Let b be -7 + (-2)/(-10)*l. Determine w(b).
-2
Let o(n) = n**3 + 16*n**2 - 1. Let k = 1528 - 1544. Determine o(k).
-1
Let u = -11 - -15. Suppose -4*v - 9 = w, 0 = -3*w + 2*v + v + 33. Let f(r) = 2*r - 1 - 9 + u*r - w*r. Calculate f(0).
-10
Let p(y) = -2*y + 39. Let u be -78*(-9 + 10)/(-6) - (-1 + 8). Calculate p(u).
27
Let u(c) = -c**3 - c - 1. Let v(z) = -2*z**3 - 2*z**2 + 2*z + 8. Let w be v(0). Suppose 4*d = 2*m - 8, -2*m + w = d - 3*d. Calculate u(d).
-1
Let r be (-3)/9*(-1 + 1). Suppose r = q + 3 + 3. Let b(z) = 1. Let k(d) = d**2 + 8*d + 12. Let f(c) = 3*b(c) - k(c). What is f(q)?
3
Let w(t) = -8*t**2 - 10*t - 16. Let x = 29695 + -29697. What is w(x)?
-28
Let q(r) = r + 2. Suppose -27*c + 7488 = -c. Let p = c + -296. Give q(p).
-6
Let c(w) = w**2 - 5*w - 3. Let x = 126 + -275. Let o = x - -155. What is c(o)?
3
Suppose -415*i + 467*i - 216 = 200. Let v(c) = -1 - 1 + 2*c + 0. Give v(i).
14
Let n = 994 + -1002. Let u(r) = r**3 + 6*r**2 - 15*r + 10. Calculate u(n).
2
Let b(f) be the second derivative of 3*f**3/2 - 3*f**2/2 - 9*f + 30. Give b(7).
60
Let f(u) = -9*u + 2*u - 1 + 4*u. Let b be ((-8)/(-6))/(-2) - 1316/(-84). Suppose -2*s + 7*s = -n - 10, -3*n + b = 0. Give f(s).
8
Let u(a) be the first derivative of -a**6/120 + a**5/10 + a**4/12 - a**3/2 + 75*a**2/2 + 2*a - 67. Let g(o) be the second derivative of u(o). What is g(6)?
9
Let j(z) = -z**3 + 6*z**2 - 7*z + 7. Let n(t) = t**3 - 11*t**2 - 9*t + 3. Let q be n(12). Let o be (13/(q/90))/((-2)/(-1)). Suppose -a - o = -4*a. What is j(a)?
-3
Let z(w) = -3*w**3 + 43*w**2 - 47*w - 18. Let v(s) = 5*s**3 - 65*s**2 + 71*s + 27. Let o(j) = -5*v(j) - 8*z(j). Determine o(-20).
-11
Let s(c) be the first derivative of -c**4/4 + 8*c**3/3 - 5*c**2 + 9*c + 2. Suppose 10289 = -53*g + 10607. Determine s(g).
21
Let h(a) be the first derivative of a**6/360 - a**5/60 + a**4/24 - 14*a**3/3 + 2*a + 76. Let v(r) be the third derivative of h(r). Determine v(1).
0
Let f(c) = 4*c**2 + 3*c**2 + 3*c**2 - 13*c**2 + 45*c - 20 - 27*c. Calculate f(8).
-68
Let z(c) be the first derivative of -c**3/3 - c**2/2 - c + 156. Let w(r) = r**3 - r**2 - r - 2. Let i(y) = -2*w(y) + 5*z(y). Suppose -3*x + 0 = 6. What is i(x)?
9
Let t(s) = -4*s - 3. Let r(p) = 5*p + 2. Let k(b) = -5*r(b) - 6*t(b). Let z be (60/9)/(3/(-9)). Let g = z + 20. What is k(g)?
8
Let g(k) = 3*k**2 + 19*k - 21*k + 33*k - 3*k**3 - 5. Let j(z) = -2*z**3 + 2*z**2 + 20*z - 3. Let q(r) = -5*g(r) + 8*j(r). Give q(4).
-27
Suppose b - 3 = -0. Let w be -6*((-1)/5)/(2/5). Let a(x) = -2*x**w + x**3 - 3*x - 30 + 53 + 5*x**2 - 27. Calculate a(b).
5
Let w(o) be the first derivative of -11*o**2/2 + 9*o - 4825. Calculate w(0).
9
Let l(g) = 55*g**2 - 23*g**3 + 2*g - 19*g**3 + 41*g**3 + 25 - 66*g**2. Give l(-11).
3
Let y(j) be the third derivative of j**4/12 + j**3/6 + 39*j**2. Let l(m) = 8*m + 4. Let c(g) = 6*l(g) - 26*y(g). Let s be 2/(-7) - 114/42. What is c(s)?
10
Suppose -11*y - 946 = -3201. Let u = 204 - y. Let t(s) = 5*s - 1. Give t(u).
-6
Suppose 2*v + 4*x = -12, -4*x = -2*v - 5*x. Let g(j) be the first derivative of -1/4*j**4 - 8/3*j**3 - 7/2*j**v - 4*j + 22. What is g(-7)?
-4
Let w(m) = -2*m + 5. Let a be (-35)/700 - 322/(-40). Determine w(a).
-11
Let r(u) = u**3 - 27*u**2 - 2*u + 44. Let l = 9610 + -9583. Determine r(l).
-10
Let d(o) = 9*o**3 + o**2 - o. Let p be 399 - 2*(-9)/12*2. Let t = p - 401. Give d(t).
9
Let p(z) = -7*z**3 + 14*z**2 - 9*z + 6. Let m(r) = 13*r**3 - 28*r**2 + 18*r - 12. Let t(x) = -6*m(x) - 11*p(x). Calculate t(13).
58
Let q(j) = -4*j - 53. Let o be q(-12). Let u(d) = -5*d**2 - 7*d. Suppose 2 = -3*g + 14. Let c(l) = -l**2. Let w(k) = g*c(k) - u(k). Give w(o).
-10
Let s(k) be the third derivative of 7*k**5/60 - k**3/6 - k**2 + 22436*k. Let r = -2 + 1. Let n be r + -4 + 2 - -2. What is s(n)?
6
Let d(n) = -n**3 - 9*n**2 - n - 9. Let w(k) = -3*k**3 - 25*k**2 - 2*k - 25. Let o(t) = 11*d(t) - 4*w(t). Give o(-5).
-84
Let x(s) = -s + 393*s**2 - 194*s**2 - 14 - 200*s**2. Let g(o) = -o**2 - o - 15. Let h(d) = 4*g(d) - 5*x(d). Let n be -1 - -1 - 0/2. Calculate h(n).
10
Let b(i) be the first derivative of 8*i**3/3 + i**2/2 + 14*i - 2015. What is b(0)?
14
Let u(j) = -j**3 - 7*j**2 - 6*j + 1. Suppose 1255*k - 1254*k - 4*z - 26 = 0, -2*k + 3*z + 12 = 0. Determine u(k).
1
Let n(y) be the second derivative of y**6/360 - 17*y**5/120 + 15*y**4/2 - 149*y. Let b(a) be the third derivative of n(a). Give b(9).
1
Let l(v) = 50*v**2 - 14*v - 12. Let p(y) = 23*y**2 - 7*y - 6. Let f(r) = -6*l(r) + 13*p(r). Let t = 88 + -95. Calculate f(t).
-6
Let q(v) be the second derivative of -v**6/120 + v**5/12 + v**4/12 + 5*v**3/6 + 34*v**2 - 2*v - 9. Let g(y) be the first derivative of q(y). Give g(5).
15
Let u(d) be the third derivative of -d**6/120 - d**5/5 + 9*d**4/8 - 8*d**3/3 - 2*d**2 + 13. Give u(-14).
-2
Let f(c) be the first derivative of 2*c**2 + 2*c + 1218. What is f(5)?
22
Let c(l) = 13*l**3 - l**2 - l - 1. Let w(o) = -129*o**3 - o**2 + 19*o - 17. Let p(n) = 10*c(n) + w(n). Give p(11).
72
Suppose -3*